 the remainder when d is divided by i?
18
Let d(v) = 2*v**3 - 6*v**2 + 8*v + 7. Suppose -2*k - 2 = 5*z, -14 = -4*k + z - 2*z. What is the remainder when d(k) is divided by 37?
34
Suppose 4*q + 4 = 0, 3*u - q + 10 = 26. Suppose -19 = -c - 3*h, -3*c - u*h = -2*c - 15. Let f = 3933 + -3920. Calculate the remainder when c is divided by f.
12
Suppose -x = -3*x + 2*o + 62, x - 23 = -3*o. What is the remainder when 207 is divided by x?
4
Suppose 10 = 5*x, 2*x = 5*f - 2*x - 187. Let y be (-2)/6*-1 - (-22)/6. What is the remainder when f is divided by (3 - 0)*(-7)/(-6)*y?
11
Suppose -2*z - 33 = -3*i + 217, -2*i + 174 = -5*z. What is the remainder when i is divided by 6?
4
Let m be (-1 - 22) + (-8 - -7). Calculate the remainder when 8*(4/m + (-19)/(-6)) is divided by 2.
0
What is the remainder when (-50 + 79)/(2/8) is divided by 31?
23
Let q(z) = -z**3 - 6*z**2 - 4*z - 8. What is the remainder when (-145)/2*(-82)/205 is divided by q(-6)?
13
Let x = -111 + 128. Suppose -2002 = -30*o + x*o. Calculate the remainder when o is divided by 53.
48
Suppose 5*c = -2*g + 23, -2*c - 3*g + 3 = -4. Suppose -29 - 91 = -c*f. What is the remainder when 94 is divided by f?
22
Suppose 7*y + 14 = 49. Suppose y*h = -0*h. Suppose -2*n - 3*n + 130 = h. What is the remainder when 50 is divided by n?
24
Let r = -38 + 98. Suppose -4*d + 34 = -2*v, -4*d + 0*d + v + 29 = 0. Suppose -w = 4*z - 83, w - d*w + 37 = 2*z. Calculate the remainder when r is divided by z.
18
Suppose -4*w + 11 = -3*w. Let r = -18 - -37. Suppose 15 = -2*l + r. Calculate the remainder when w is divided by l.
1
Suppose 5*t - 5 = 0, -76*t - 82 = -5*h - 78*t. Let d(o) = -o**2 + 7*o - 6. Calculate the remainder when h is divided by d(5).
0
Let i be -4 - 9/(-3)*5. Suppose -i*s + 10*s = -57. Calculate the remainder when s is divided by 15.
12
Let z(a) = -32*a - 591. What is the remainder when 126 is divided by z(-21)?
45
Suppose 4*v - 121 = -97. What is the remainder when 30 is divided by v?
0
Let v(f) = 7*f**2 - 5*f + 15. Calculate the remainder when 65 is divided by v(2).
32
Suppose 0 = -4*k + 507 + 401. What is the remainder when k is divided by 29?
24
Suppose -u = -15 - 6. What is the remainder when 15*(-2)/((-18)/u) is divided by 9?
8
Suppose 47*c - 35*c = 8376. Calculate the remainder when c is divided by 25.
23
Suppose 0 = -2*v - 3*v + 105. Let t = -5 - -31. Suppose -2*o = -2*b - 16, 13 = 3*o + 2*b - t. Calculate the remainder when v is divided by o.
10
Let x(r) = -r**3 + 9*r**2 + 20*r - 93. Suppose 4*w = -0*w + 104. Calculate the remainder when w is divided by x(10).
5
Let m(k) = 2*k + 24. Let u = 58 + -55. What is the remainder when 119 is divided by m(u)?
29
Calculate the remainder when 249 is divided by 7 + -2 + (-15)/(210/(-1106)).
81
Let x be (-16)/40 - (-34)/10. Suppose -4*j + 327 = -5*r, x*r + 375 = 5*j + 8*r. Calculate the remainder when j is divided by 20.
18
Suppose 9*h + 1033 = 1375. Calculate the remainder when 64 is divided by h.
26
Let l(q) = -q**2 - 20*q - 85. Calculate the remainder when 167 is divided by l(-9).
13
Let h = 58 + -17. Let f(i) be the second derivative of 7*i**4/4 - i**3 + 3*i**2 - 24*i. Calculate the remainder when h is divided by f(1).
20
Suppose -780 = -25*d + 19*d. Let b = d + -75. Calculate the remainder when b is divided by 3.
1
Suppose -3*t = -8*g + 3*g - 693, 4*g = -3*t + 720. Calculate the remainder when t is divided by 34.
32
Let s be (73/(-5)*-1)/(1/5). Suppose 6*c - 155 = s. Suppose 3*z = -5*v + 365, -4*z = -3*v + 7*v - 292. Calculate the remainder when v is divided by c.
35
Let j = 24 + 27. Suppose 2*w = 3*u - 29, -4*w = -0*u - 5*u + j. What is the remainder when 12 is divided by u?
5
Calculate the remainder when 1336/40*5 + 6 is divided by 41.
9
Let t(n) = -2*n**3 + 6*n**2 - 1. Let a be t(4). What is the remainder when 49 is divided by ((-75)/10 - -8)*(1 - a)?
15
Suppose -4*s + 12 = -0. Suppose -7 + 1 = -s*t. Suppose t*u - 98 = -5*d, d - 1 = -u + 21. Calculate the remainder when d is divided by 10.
8
Let z(x) = 12*x - 508. What is the remainder when 127 is divided by z(45)?
31
Let w = -130 - -134. Suppose -w = -4*x + 20. Let u(b) = b**3 + 9*b**2 + 5*b - 1. Calculate the remainder when u(-8) is divided by x.
5
Let d = 33 - 13. Calculate the remainder when 117 is divided by d.
17
Suppose -y = 3 - 15. Let b(x) = x - 12. Let l be b(14). Suppose -l = 2*h, -5*a + 2*h = -h - 28. What is the remainder when y is divided by a?
2
Let m(x) = -x**3 + 32*x**2 + 4*x - 64. Calculate the remainder when m(32) is divided by 16.
0
Let q(n) = n**3 - 8*n**2 + 2*n - 1. Suppose 3*i - 4 = 2. Let r = i - -6. Calculate the remainder when q(r) is divided by 9.
6
Suppose 4*m - 6 = 2*y, -4*m = -7*m - 5*y + 24. Suppose 8*j - 57 = 31. What is the remainder when j is divided by m?
2
Suppose -4*a + 5*c = 89, -a = 3*c + 1 + 17. Let u = a - -36. What is the remainder when 39 is divided by u?
9
Let c(d) = -7*d + 2*d**3 + 4*d + 14*d**2 - d**3 + 10. Let g be c(-14). Suppose 5*s - g = -7. What is the remainder when 16 is divided by s?
7
Suppose f = 6*f. Calculate the remainder when (f - 2 - 0) + 32 is divided by (7/(-21)*5)/(15/(-72)).
6
Let r be -2*(-4 + 3) + 8. Suppose 59*a = 61*a - r. Suppose -8 = -3*d - j, 0*j + 2*j = -5*d + 14. Calculate the remainder when a is divided by d.
1
Calculate the remainder when 172 is divided by 49 + 4/2 - -7.
56
Let d(w) = 2*w**2 + 20*w + 13. What is the remainder when d(0) is divided by 8?
5
Suppose -3*k - 1 + 4 = 0. Let v(b) = -b**2 - 8*b. Let y be v(-8). Calculate the remainder when 9 is divided by 9 - 4*(k - y).
4
Let v(y) = -y**2 + 14*y - 5. Let w be v(11). Let f = w + -10. What is the remainder when 88 is divided by f?
16
Let i = 469 + -274. Calculate the remainder when i is divided by 4.
3
Suppose j = -3*a + 11, -1 = j - 3*a - 12. Suppose j = -s + 141. Let q = s + -13. Calculate the remainder when q is divided by 30.
27
Let x = 60 + -35. Suppose 2*s + 3*p - 8 = 0, -2*p + 0*p = 3*s - 7. Calculate the remainder when x is divided by (s - 0)*(20 - 7).
12
Let t(c) = -c - 8. Let u be t(-8). Calculate the remainder when 59 is divided by 10 - (-3 + u + 3).
9
Let j = 115 - -104. Calculate the remainder when j is divided by 22.
21
Let z(w) be the second derivative of -w**5/10 - w**4/6 - w**2/2 - 11*w. Calculate the remainder when 18 is divided by z(-2).
4
Let d = -62 + 53. Calculate the remainder when 91 is divided by (-9)/2*(12/d + -4).
19
Let p(i) be the second derivative of i**3 - 23*i**2/2 + 9*i. What is the remainder when p(10) is divided by -13*(4/2 + -3)?
11
Suppose -4*b = b - 20. Suppose -b*x = -3*x. Suppose -l = -1, -4*t = l - x*l - 113. Calculate the remainder when 109 is divided by t.
25
Let b = -46 - -26. Suppose 4*a = -2*s + 38, 42 - 12 = 3*s - 3*a. Calculate the remainder when s is divided by b*(17/(-5) + 3).
5
Let o(q) = -363*q**3 - 5*q - 4. Let r be o(-1). Suppose -5*j = 9*j - r. Let n(k) = -k**2 + 14. Calculate the remainder when j is divided by n(0).
12
Let o(i) be the third derivative of -i**6/120 + i**5/15 - i**4/24 + 2*i**3/3 - 6*i**2. Calculate the remainder when 17 is divided by o(3).
7
Suppose -5*u = 4*g - 48, 2*g - u - 11 = -1. Calculate the remainder when 28 is divided by g.
0
Suppose -72*x = h - 69*x - 20, 0 = 2*h + 2*x - 32. Calculate the remainder when 979 is divided by h.
13
Let v(m) = -m + 14. Let c be v(9). Suppose 3 = 3*r - 0, 0 = 3*l + c*r - 71. Calculate the remainder when 87 is divided by l.
21
Let y = -1030 - -1125. Calculate the remainder when y is divided by 25.
20
Let r be (-13)/39 + (-2)/(-6). Calculate the remainder when (-444)/(-3) - r - (-11 + 8) is divided by 22.
19
Suppose -20*p = 4*p - 1896. Calculate the remainder when p is divided by 29.
21
Let m = 6 + -7. Let i be m/(((-7)/2)/7). Suppose -3*x = -7*o + 2*o + 152, i*o - 5*x = 57. Calculate the remainder when o is divided by 16.
15
Let b(w) = -w**3 + 6*w**2 - 3*w. Let r = -3693 - -3732. Calculate the remainder when r is divided by b(4).
19
Let c(m) = -m**2 + 6*m - 3. Let r be c(5). Suppose -3*a - w + 88 = 4*w, 4*a = -r*w + 94. Calculate the remainder when 62 is divided by a.
20
Suppose -7*j + 135 = -404. Calculate the remainder when 307 is divided by j.
76
Suppose 2*o - 4*m = 5*o - 5, -4*o = -4*m - 16. Suppose -y - o*u + 26 = -8, -y - 4*u + 32 = 0. Let s = 18 + -4. Calcul